{"id":274,"date":"2019-03-06T14:34:31","date_gmt":"2019-03-06T14:34:31","guid":{"rendered":"https:\/\/xistocamping.com\/portal\/?page_id=274"},"modified":"2020-01-13T22:53:20","modified_gmt":"2020-01-13T22:53:20","slug":"praia-fluvial","status":"publish","type":"page","link":"https:\/\/xistocamping.com\/portal\/praia-fluvial\/","title":{"rendered":"Praia Fluvial"},"content":{"rendered":"\t\t<div data-elementor-type=\"wp-post\" data-elementor-id=\"274\" class=\"elementor elementor-274\" data-elementor-settings=\"[]\">\n\t\t\t\t\t\t<div class=\"elementor-inner\">\n\t\t\t\t\t\t\t<div class=\"elementor-section-wrap\">\n\t\t\t\t\t\t\t<section class=\"has_eae_slider elementor-section elementor-top-section elementor-element elementor-element-8ce59ee elementor-section-stretched elementor-section-boxed elementor-section-height-default elementor-section-height-default\" data-id=\"8ce59ee\" data-element_type=\"section\" data-settings=\"{&quot;stretch_section&quot;:&quot;section-stretched&quot;}\">\n\t\t\t\t\t\t<div class=\"elementor-container elementor-column-gap-default\">\n\t\t\t\t\t\t\t<div class=\"elementor-row\">\n\t\t\t\t\t<div class=\"has_eae_slider elementor-column elementor-col-100 elementor-top-column elementor-element elementor-element-50a806e\" data-id=\"50a806e\" data-element_type=\"column\" data-settings=\"{&quot;background_background&quot;:&quot;classic&quot;}\">\n\t\t\t<div class=\"elementor-column-wrap elementor-element-populated\">\n\t\t\t\t\t\t\t<div class=\"elementor-widget-wrap\">\n\t\t\t\t\t\t<div class=\"elementor-element elementor-element-3fae74b elementor-widget elementor-widget-lae-heading\" data-id=\"3fae74b\" data-element_type=\"widget\" data-widget_type=\"lae-heading.default\">\n\t\t\t\t<div class=\"elementor-widget-container\">\n\t\t\t\n<div class=\"lae-heading lae-style1 lae-alignleft \" >\n\n    <h2 class=\"lae-title\">PRAIA FLUVIAL\u200b<\/h2>\n\n    \n<\/div><!-- .lae-heading -->\t\t<\/div>\n\t\t\t\t<\/div>\n\t\t\t\t\t\t<\/div>\n\t\t\t\t\t<\/div>\n\t\t<\/div>\n\t\t\t\t\t\t\t\t<\/div>\n\t\t\t\t\t<\/div>\n\t\t<\/section>\n\t\t\t\t<section class=\"has_eae_slider elementor-section elementor-top-section elementor-element elementor-element-24dc256 elementor-section-stretched elementor-section-boxed elementor-section-height-default elementor-section-height-default\" data-id=\"24dc256\" data-element_type=\"section\" data-settings=\"{&quot;stretch_section&quot;:&quot;section-stretched&quot;}\">\n\t\t\t\t\t\t<div class=\"elementor-container elementor-column-gap-default\">\n\t\t\t\t\t\t\t<div class=\"elementor-row\">\n\t\t\t\t\t<div class=\"has_eae_slider elementor-column elementor-col-33 elementor-top-column elementor-element elementor-element-6111698\" data-id=\"6111698\" data-element_type=\"column\" data-settings=\"{&quot;background_background&quot;:&quot;classic&quot;}\">\n\t\t\t<div class=\"elementor-column-wrap elementor-element-populated\">\n\t\t\t\t\t\t\t<div class=\"elementor-widget-wrap\">\n\t\t\t\t\t\t<div class=\"elementor-element elementor-element-182c099 elementor-widget elementor-widget-lae-heading\" data-id=\"182c099\" data-element_type=\"widget\" data-widget_type=\"lae-heading.default\">\n\t\t\t\t<div class=\"elementor-widget-container\">\n\t\t\t\n<div class=\"lae-heading lae-style1 lae-alignleft \" >\n\n    <h3 class=\"lae-title\">Atividades L\u00fadicas<\/h3>\n\n    \n<\/div><!-- .lae-heading -->\t\t<\/div>\n\t\t\t\t<\/div>\n\t\t\t\t<div class=\"elementor-element elementor-element-ee0111d elementor-widget elementor-widget-image\" data-id=\"ee0111d\" data-element_type=\"widget\" data-widget_type=\"image.default\">\n\t\t\t\t<div class=\"elementor-widget-container\">\n\t\t\t\t\t\t\t\t<div class=\"elementor-image\">\n\t\t\t\t\t\t\t\t\t\t\t\t<img width=\"914\" height=\"609\" src=\"https:\/\/xistocamping.com\/portal\/wp-content\/uploads\/2019\/03\/atividades_ludicas.jpg\" class=\"attachment-large size-large\" alt=\"\" loading=\"lazy\" srcset=\"https:\/\/xistocamping.com\/portal\/wp-content\/uploads\/2019\/03\/atividades_ludicas.jpg 914w, https:\/\/xistocamping.com\/portal\/wp-content\/uploads\/2019\/03\/atividades_ludicas-300x200.jpg 300w, https:\/\/xistocamping.com\/portal\/wp-content\/uploads\/2019\/03\/atividades_ludicas-768x512.jpg 768w\" sizes=\"(max-width: 914px) 100vw, 914px\" \/>\t\t\t\t\t\t\t\t\t\t\t\t\t\t<\/div>\n\t\t\t\t\t\t<\/div>\n\t\t\t\t<\/div>\n\t\t\t\t<div class=\"elementor-element elementor-element-496b293 elementor-widget elementor-widget-text-editor\" data-id=\"496b293\" data-element_type=\"widget\" data-widget_type=\"text-editor.default\">\n\t\t\t\t<div class=\"elementor-widget-container\">\n\t\t\t\t\t\t\t\t<div class=\"elementor-text-editor elementor-clearfix\">\n\t\t\t\t<p>Os amantes de atividades ao ar livre encontram junto \u00e0 praia fluvial um campo de t\u00e9nis e um recinto de jogos assim como v\u00e1rios percursos pedestres que passam por pontos de interesse geol\u00f3gico integrados no Geopark Naturtejo. O Xistocamping oferece-lhe ainda experi\u00eancias de turismo aventura que poder\u00e1 reservar previamente.<\/p>\t\t\t\t\t<\/div>\n\t\t\t\t\t\t<\/div>\n\t\t\t\t<\/div>\n\t\t\t\t\t\t<\/div>\n\t\t\t\t\t<\/div>\n\t\t<\/div>\n\t\t\t\t<div class=\"has_eae_slider elementor-column elementor-col-33 elementor-top-column elementor-element elementor-element-3761212\" data-id=\"3761212\" data-element_type=\"column\">\n\t\t\t<div class=\"elementor-column-wrap elementor-element-populated\">\n\t\t\t\t\t\t\t<div class=\"elementor-widget-wrap\">\n\t\t\t\t\t\t<div class=\"elementor-element elementor-element-d03a27d elementor-widget elementor-widget-lae-heading\" data-id=\"d03a27d\" data-element_type=\"widget\" data-widget_type=\"lae-heading.default\">\n\t\t\t\t<div class=\"elementor-widget-container\">\n\t\t\t\n<div class=\"lae-heading lae-style1 lae-alignleft \" >\n\n    <h3 class=\"lae-title\">\u00c9poca Balnear<\/h3>\n\n    \n<\/div><!-- .lae-heading -->\t\t<\/div>\n\t\t\t\t<\/div>\n\t\t\t\t<div class=\"elementor-element elementor-element-d4805a1 elementor-widget elementor-widget-image\" data-id=\"d4805a1\" data-element_type=\"widget\" data-widget_type=\"image.default\">\n\t\t\t\t<div class=\"elementor-widget-container\">\n\t\t\t\t\t\t\t\t<div class=\"elementor-image\">\n\t\t\t\t\t\t\t\t\t\t\t\t<img width=\"914\" height=\"609\" src=\"https:\/\/xistocamping.com\/portal\/wp-content\/uploads\/2019\/03\/epoca_balnear.jpg\" class=\"attachment-large size-large\" alt=\"\" loading=\"lazy\" srcset=\"https:\/\/xistocamping.com\/portal\/wp-content\/uploads\/2019\/03\/epoca_balnear.jpg 914w, https:\/\/xistocamping.com\/portal\/wp-content\/uploads\/2019\/03\/epoca_balnear-300x200.jpg 300w, https:\/\/xistocamping.com\/portal\/wp-content\/uploads\/2019\/03\/epoca_balnear-768x512.jpg 768w\" sizes=\"(max-width: 914px) 100vw, 914px\" \/>\t\t\t\t\t\t\t\t\t\t\t\t\t\t<\/div>\n\t\t\t\t\t\t<\/div>\n\t\t\t\t<\/div>\n\t\t\t\t<div class=\"elementor-element elementor-element-95d053d elementor-widget elementor-widget-text-editor\" data-id=\"95d053d\" data-element_type=\"widget\" data-widget_type=\"text-editor.default\">\n\t\t\t\t<div class=\"elementor-widget-container\">\n\t\t\t\t\t\t\t\t<div class=\"elementor-text-editor elementor-clearfix\">\n\t\t\t\t<p>A praia disp\u00f5e de um extenso areal com rampas de acesso para pessoas com mobilidade reduzida. Durante a \u00e9poca balnear, a praia tem vigil\u00e2ncia do ISN (Instituto de Socorros a N\u00e1ufragos), qualidade da \u00e1gua vigiada e bandeira \u201cpraia acess\u00edvel \u2013 praia para todos\u201d atribu\u00eddo pelo Instituto Nacional para a Reabilita\u00e7\u00e3o, a Ag\u00eancia Portuguesa do Ambiente e o Turismo de Portugal.<\/p>\t\t\t\t\t<\/div>\n\t\t\t\t\t\t<\/div>\n\t\t\t\t<\/div>\n\t\t\t\t\t\t<\/div>\n\t\t\t\t\t<\/div>\n\t\t<\/div>\n\t\t\t\t<div class=\"has_eae_slider elementor-column elementor-col-33 elementor-top-column elementor-element elementor-element-d63f337\" data-id=\"d63f337\" data-element_type=\"column\">\n\t\t\t<div class=\"elementor-column-wrap elementor-element-populated\">\n\t\t\t\t\t\t\t<div class=\"elementor-widget-wrap\">\n\t\t\t\t\t\t<div class=\"elementor-element elementor-element-f9d416a elementor-widget elementor-widget-lae-heading\" data-id=\"f9d416a\" data-element_type=\"widget\" data-widget_type=\"lae-heading.default\">\n\t\t\t\t<div class=\"elementor-widget-container\">\n\t\t\t\n<div class=\"lae-heading lae-style1 lae-alignleft \" >\n\n    <h3 class=\"lae-title\">Restaura\u00e7\u00e3o<\/h3>\n\n    \n<\/div><!-- .lae-heading -->\t\t<\/div>\n\t\t\t\t<\/div>\n\t\t\t\t<div class=\"elementor-element elementor-element-67a247e elementor-widget elementor-widget-image\" data-id=\"67a247e\" data-element_type=\"widget\" data-widget_type=\"image.default\">\n\t\t\t\t<div class=\"elementor-widget-container\">\n\t\t\t\t\t\t\t\t<div class=\"elementor-image\">\n\t\t\t\t\t\t\t\t\t\t\t\t<img width=\"914\" height=\"609\" src=\"https:\/\/xistocamping.com\/portal\/wp-content\/uploads\/2019\/03\/restauracao.jpg\" class=\"attachment-large size-large\" alt=\"\" loading=\"lazy\" srcset=\"https:\/\/xistocamping.com\/portal\/wp-content\/uploads\/2019\/03\/restauracao.jpg 914w, https:\/\/xistocamping.com\/portal\/wp-content\/uploads\/2019\/03\/restauracao-300x200.jpg 300w, https:\/\/xistocamping.com\/portal\/wp-content\/uploads\/2019\/03\/restauracao-768x512.jpg 768w\" sizes=\"(max-width: 914px) 100vw, 914px\" \/>\t\t\t\t\t\t\t\t\t\t\t\t\t\t<\/div>\n\t\t\t\t\t\t<\/div>\n\t\t\t\t<\/div>\n\t\t\t\t<div class=\"elementor-element elementor-element-c93d16b elementor-widget elementor-widget-text-editor\" data-id=\"c93d16b\" data-element_type=\"widget\" data-widget_type=\"text-editor.default\">\n\t\t\t\t<div class=\"elementor-widget-container\">\n\t\t\t\t\t\t\t\t<div class=\"elementor-text-editor elementor-clearfix\">\n\t\t\t\t<p>As instala\u00e7\u00f5es de apoio ao parque e \u00e0 praia contam ainda com o X Bar, um pitoresco espa\u00e7o de apoio ao parque de campismo e praia com esplanada exterior. Este \u00e9 o local ideal para petiscar e p\u00f4r a conversa em dia sempre com o rumor das \u00e1guas do rio em fundo.<\/p>\t\t\t\t\t<\/div>\n\t\t\t\t\t\t<\/div>\n\t\t\t\t<\/div>\n\t\t\t\t\t\t<\/div>\n\t\t\t\t\t<\/div>\n\t\t<\/div>\n\t\t\t\t\t\t\t\t<\/div>\n\t\t\t\t\t<\/div>\n\t\t<\/section>\n\t\t\t\t\t\t<\/div>\n\t\t\t\t\t\t<\/div>\n\t\t\t\t\t<\/div>\n\t\t","protected":false},"excerpt":{"rendered":"<p>PRAIA FLUVIAL\u200b Atividades L\u00fadicas Os amantes de atividades ao ar livre encontram junto \u00e0 praia fluvial um campo de t\u00e9nis e um recinto de jogos assim como v\u00e1rios percursos pedestres que passam por pontos de interesse geol\u00f3gico integrados no Geopark Naturtejo. O Xistocamping oferece-lhe ainda experi\u00eancias de turismo aventura que poder\u00e1 reservar previamente. \u00c9poca Balnear &hellip;<\/p>\n<p class=\"read-more\"> <a class=\"\" href=\"https:\/\/xistocamping.com\/portal\/praia-fluvial\/\"> <span class=\"screen-reader-text\">Praia Fluvial<\/span> Read More &raquo;<\/a><\/p>\n","protected":false},"author":1,"featured_media":0,"parent":0,"menu_order":7,"comment_status":"closed","ping_status":"closed","template":"elementor_canvas","meta":{"site-sidebar-layout":"no-sidebar","site-content-layout":"plain-container","ast-main-header-display":"","ast-hfb-above-header-display":"","ast-hfb-below-header-display":"","ast-hfb-mobile-header-display":"","site-post-title":"","ast-breadcrumbs-content":"","ast-featured-img":"","footer-sml-layout":"","theme-transparent-header-meta":"default","adv-header-id-meta":"","stick-header-meta":"","header-above-stick-meta":"","header-main-stick-meta":"","header-below-stick-meta":""},"_links":{"self":[{"href":"https:\/\/xistocamping.com\/portal\/wp-json\/wp\/v2\/pages\/274"}],"collection":[{"href":"https:\/\/xistocamping.com\/portal\/wp-json\/wp\/v2\/pages"}],"about":[{"href":"https:\/\/xistocamping.com\/portal\/wp-json\/wp\/v2\/types\/page"}],"author":[{"embeddable":true,"href":"https:\/\/xistocamping.com\/portal\/wp-json\/wp\/v2\/users\/1"}],"replies":[{"embeddable":true,"href":"https:\/\/xistocamping.com\/portal\/wp-json\/wp\/v2\/comments?post=274"}],"version-history":[{"count":21,"href":"https:\/\/xistocamping.com\/portal\/wp-json\/wp\/v2\/pages\/274\/revisions"}],"predecessor-version":[{"id":1064,"href":"https:\/\/xistocamping.com\/portal\/wp-json\/wp\/v2\/pages\/274\/revisions\/1064"}],"wp:attachment":[{"href":"https:\/\/xistocamping.com\/portal\/wp-json\/wp\/v2\/media?parent=274"}],"curies":[{"name":"wp","href":"https:\/\/api.w.org\/{rel}","templated":true}]}}